 c = -47 - -80. Suppose 4*d - 6727 + 6463 = 0. What is the greatest common factor of c and d?
33
Let i be 3 + (-4)/((-20)/(-55)). Let h(r) = -r**2 - 11*r - 7. Let d be h(i). What is the greatest common factor of d and 34?
17
Let m be 9 - (-2 - (-8 + 1)). What is the highest common divisor of m and 14?
2
Let y be -2*(-3)/(1 - -2). Suppose -y*b = -1226 + 394. Suppose 0*k - b = -4*k. What is the greatest common divisor of 13 and k?
13
Let d = 3 + 35. Suppose -s + 6 = -d. Let b be 1/3 - (-22)/6. Calculate the highest common divisor of s and b.
4
Let k be 16/(-192) + 626/24. What is the greatest common divisor of k and 247?
13
Let o be ((-15)/(-10) + -1)*-2. Let j(b) = -9*b**3 + b + 2. Let l be j(o). Calculate the greatest common factor of 10 and l.
10
Let d(q) = 4*q**2 - 20*q + 72. Let b be d(3). Calculate the highest common factor of 840 and b.
24
Suppose z = -2*b - z + 60, 2*z + 75 = 3*b. Calculate the highest common divisor of b and 126.
9
Suppose -9*u - 2200 = -20*u. What is the highest common factor of 32 and u?
8
Suppose 35 = 5*c - 55. Let f = 260 + -184. Let t = f + -49. Calculate the highest common factor of c and t.
9
Suppose -43 = -5*p + 7. Suppose -5*b - p = -3*b, -b = -2*q + 33. Calculate the greatest common factor of 70 and q.
14
Let t be ((-48)/(-18))/((-24)/84 + 40/42). Suppose 4*u + 5*z - 87 = 0, 2*u + 3*u - 150 = 2*z. Calculate the greatest common divisor of u and t.
4
Let a = -7 - -10. Suppose -45 - 3 = a*w - 4*x, 37 = -2*w + x. Let t be (-200)/6*24/w. What is the greatest common divisor of t and 100?
20
Let p be (0 + 2)/((-4)/(-300)). Suppose -m = 4*m - p. Calculate the highest common divisor of m and 15.
15
Suppose 3*t - 2 = 7. Suppose -t*z + 29 + 10 = 0. What is the highest common divisor of 91 and z?
13
Let r(v) = -7*v**3 + v + 1. Let m be r(-2). Let h = 12 - 7. Suppose 0 = 2*w + h - 15. What is the greatest common divisor of w and m?
5
Let t(g) = -9*g + 12. Let n be t(-4). Suppose 4*m - m - 15 = 0. Suppose -256 = -m*r + 344. What is the highest common factor of n and r?
24
Let x(f) = f**3 + 5*f**2 + 2*f - 5. Let r be x(-5). Suppose 8*o - 210 = 3*o. Let p be (10/r)/((-4)/o). What is the highest common factor of 35 and p?
7
Let o(h) = -93*h**3 + 4*h**2 + 5*h + 13. Let t be o(-2). Calculate the highest common divisor of t and 109.
109
Let v be -1 + (-14)/(-1) + 0. Let a = 213 - 96. Suppose 28*l - 31*l + a = 0. What is the highest common divisor of v and l?
13
Let q be (1 + (-103)/(-2))*72/27. Calculate the highest common divisor of q and 224.
28
Suppose 213 - 33 = 4*u. Let m = u + -11. What is the greatest common divisor of m and 136?
34
Suppose 172 = 3*l - 0*l + 4*y, 3*l - 167 = y. Let r be (60/25)/(-3) + 2/(-10). Let h be r/(-4) + 275/20. Calculate the highest common divisor of h and l.
14
Suppose 3*a = -39 + 126. Suppose -o + a = 26. Calculate the greatest common divisor of o and 21.
3
Let o be (-329)/(-35) - 4/10. Suppose -2*k = -2*s - 12, 16 = -2*k - o*s + 4*s. Calculate the greatest common divisor of k and 16.
2
Suppose 0 = 8*u - 5*u - 6. Let j be (u*15)/(11/5 - 2). What is the highest common factor of j and 30?
30
Let z = 35 - -28. Let y be (-9)/(-1)*2/6. Suppose c = 4*p - 27, y - 5 = -p + 5*c. Calculate the highest common factor of z and p.
7
Let w(j) = 12*j**2 + 61*j + 4. Let b be w(-6). What is the greatest common divisor of 50 and b?
10
Suppose -3*m = -2*m + 15. Let c be (-1)/(-2)*(-120)/m. What is the highest common divisor of 36 and c?
4
Suppose 0 = 18*u + 606 - 1542. Calculate the highest common factor of u and 676.
52
Let r be -4 - 2/(6 - (-1230)/(-204)). What is the greatest common divisor of r and 256?
64
Suppose -16 - 108 = 2*w. Let x = w - -94. Let r = x - 17. What is the highest common factor of r and 30?
15
Suppose -4*k - m + 76 + 66 = 0, -2*m = 4*k - 140. Let r = 1 + 5. Suppose -3*p - 48 = -w, p = 4*w + r*p - 226. What is the greatest common divisor of k and w?
18
Suppose t - 5*p = -20, -3*t + 5*p + 4 = 14. Let v be 6/27 + 202/(-18). Let a = v - -51. Calculate the highest common divisor of a and t.
5
Let u(d) = 48*d - 398. Let s be u(9). What is the highest common factor of 374 and s?
34
Let x be 1/(60/(-18) - -2)*-52. Calculate the highest common factor of x and 325.
13
Suppose 0 = -0*t + 2*t - 4. Suppose t*g - 36 = 36. What is the greatest common divisor of 36 and g?
36
Let v = 11 + -6. Suppose 51 + 69 = 4*r + 3*a, v*r = 4*a + 150. Let k be ((-30)/(-9))/(2/9). Calculate the greatest common divisor of k and r.
15
Suppose 9*a - 6*a - 57 = -2*y, 3 = -3*a. What is the greatest common divisor of 50 and y?
10
Let o be 4/(-3) - (-10188)/108. Calculate the highest common divisor of 186 and o.
93
Let w(m) = 17*m**3 - m**2 + 2*m - 1. Let f be w(1). Let a = 14 - 10. Suppose a*p = -20, -156 = -2*n + p + 3*p. What is the highest common divisor of n and f?
17
Let r be ((-6 - -2) + 95)/1. Let p = -26 + r. Suppose -22 = -4*d + 5*i + 30, -i - p = -5*d. What is the highest common factor of 91 and d?
13
Suppose 4*o - 11 = -x - 4, -3 = -3*o - 3*x. Calculate the greatest common factor of o and 546.
2
Let t be 2/(-7) + (-145873)/(-343). Calculate the greatest common divisor of 25 and t.
25
Suppose 0*k + 4*k = 3*l + 804, 0 = -3*k - 3*l + 582. What is the highest common divisor of k and 22?
22
Let z = 202 + -186. Calculate the greatest common factor of 320 and z.
16
Let w(t) = -2*t**2 - 20*t + 2. Let x be w(-10). Suppose -x*n + 11 = -7. What is the highest common divisor of n and 171?
9
Suppose -5 + 3 = -f. Suppose 3*h + 3*v + 30 = 0, 3*h - f*v + 4*v = -26. Let k be -3*52/h + 2. What is the highest common factor of 70 and k?
14
Let g(w) = 5*w**2 - 2. Let u be g(-1). Suppose -8*d - 5*f + 200 = -u*d, 3*d - 110 = 2*f. Calculate the highest common factor of d and 266.
38
Suppose 2*x - 130 = 2*y - 7*y, -5*y = x - 65. Calculate the greatest common factor of 26 and x.
13
Let a(s) = -s**3 - 7*s**2 - 6*s - 8. Let w(d) = -7*d**2. Let o be w(-1). Let m be a(o). Let p = -410 + 716. What is the highest common factor of m and p?
34
Let n = -4 + 38. Let p = n - 16. What is the highest common divisor of p and 45?
9
Let u be (106/6)/((-11)/(-132)*4). Calculate the highest common divisor of u and 1007.
53
Let n = -38 - -45. Let p = 23 - n. Calculate the highest common divisor of 40 and p.
8
Let f be (3*-3)/(-3 + (-49)/(-14)). Let m be 6/f*-27 + 5. What is the greatest common divisor of 4 and m?
2
Suppose g + 3*k = -11, -3*g + 4*k = -4*g - 9. Let t = g + 24. Calculate the highest common divisor of t and 42.
7
Suppose 13 = -2*q + 27. Let c(d) = -23*d - 3. Let l be c(-5). Calculate the greatest common divisor of q and l.
7
Suppose -4*n = -24*n + 280. Suppose -12*k - 8 = -n*k. Calculate the highest common divisor of 1 and k.
1
Suppose 33*j - 28*j - 60 = 0. Calculate the highest common factor of 138 and j.
6
Let k be (4 - (-88)/(-20))/((-6)/300). Suppose -3*b = -o + 9, -4*o - o - 5*b = -85. Let y = k - o. Calculate the highest common factor of 15 and y.
5
Suppose 86*b + 5 = 91*b. Suppose -2*h + 3*p - 13 = -0*h, -2*h + 2*p = 8. Calculate the highest common divisor of h and b.
1
Suppose -5*p = -2*p. Let s be p - (-1 + 7)/(-3). Suppose s*x - 135 = -3*x. What is the greatest common divisor of 18 and x?
9
Let s(x) = x**3 + 5*x**2 - x - 6. Let n be s(-5). Let f be 14 + (-1 - n - 1). Let j be ((-130)/(-3))/(4/6). What is the highest common divisor of f and j?
13
Let b(q) = -5*q**2 - 68*q - 52. Let a(o) = -2*o**2 - 23*o - 17. Let f(h) = 8*a(h) - 3*b(h). Let w be f(19). What is the greatest common divisor of w and 429?
39
Let j = 9 - 9. Suppose 3*g - 5*x - 46 + 7 = j, 4*x = -12. Suppose -2*p = -3*p + 4*a + g, 2*p = 3*a + 31. Calculate the greatest common divisor of 30 and p.
10
Let r be (4*1)/((-29)/(-319)). Suppose 0 = w - 2 + 7, 21 = 4*h - w. What is the greatest common divisor of h and r?
4
Let d be (-1 - -8)*(-306)/119. Let q be d/(-2) - 5 - -40. What is the greatest common factor of 11 and q?
11
Let t = 2135 - -40. Calculate the highest common factor of t and 75.
75
Suppose 9792 = 320*s - 311*s. What is the highest common factor of s and 128?
64
Let a = 31 + -5. Let l be -6 - (4/20 + -1)*40. Calculate the highest common divisor of l and a.
26
Suppose -9*u = -17*u + 304. What is the greatest common factor of 171 and u?
19
Suppose -11 = -3*r - 29. Let